 when 1007 is divided by 105.
62
What is the remainder when 13817 is divided by 329?
328
Calculate the remainder when 34364 is divided by 12.
8
What is the remainder when 11316 is divided by 101?
4
Calculate the remainder when 1644 is divided by 53.
1
What is the remainder when 26088 is divided by 111?
3
Calculate the remainder when 887325 is divided by 468.
465
What is the remainder when 2034 is divided by 95?
39
What is the remainder when 1508 is divided by 525?
458
What is the remainder when 5481 is divided by 784?
777
Calculate the remainder when 513909 is divided by 266.
263
What is the remainder when 38880 is divided by 17?
1
What is the remainder when 18216 is divided by 17901?
315
Calculate the remainder when 1679 is divided by 10.
9
What is the remainder when 216429 is divided by 921?
915
Calculate the remainder when 58903 is divided by 74.
73
What is the remainder when 7886 is divided by 239?
238
Calculate the remainder when 470 is divided by 150.
20
Calculate the remainder when 1422222 is divided by 645.
642
What is the remainder when 103365 is divided by 18?
9
What is the remainder when 24473 is divided by 699?
8
What is the remainder when 28865 is divided by 2624?
1
What is the remainder when 460805 is divided by 80?
5
Calculate the remainder when 2007 is divided by 281.
40
Calculate the remainder when 73630 is divided by 56.
46
What is the remainder when 958942 is divided by 87175?
17
What is the remainder when 172 is divided by 14?
4
What is the remainder when 895965 is divided by 549?
546
Calculate the remainder when 341 is divided by 82.
13
What is the remainder when 508 is divided by 290?
218
Calculate the remainder when 11765 is divided by 149.
143
What is the remainder when 206105 is divided by 433?
430
Calculate the remainder when 659746 is divided by 405.
1
What is the remainder when 576354 is divided by 22?
20
What is the remainder when 7937 is divided by 1843?
565
Calculate the remainder when 3398 is divided by 50.
48
Calculate the remainder when 39928 is divided by 22.
20
Calculate the remainder when 110 is divided by 23.
18
What is the remainder when 1487303 is divided by 681?
680
What is the remainder when 16964 is divided by 423?
44
Calculate the remainder when 21141 is divided by 2348.
9
Calculate the remainder when 28853 is divided by 1922.
23
What is the remainder when 255059 is divided by 327?
326
What is the remainder when 12650 is divided by 156?
14
What is the remainder when 5683 is divided by 5677?
6
What is the remainder when 1637995 is divided by 13?
8
What is the remainder when 246091 is divided by 82?
9
Calculate the remainder when 16918 is divided by 31.
23
Calculate the remainder when 592030 is divided by 98671.
4
Calculate the remainder when 6547 is divided by 252.
247
Calculate the remainder when 4938 is divided by 748.
450
Calculate the remainder when 526216 is divided by 19.
11
Calculate the remainder when 327077 is divided by 9345.
2
Calculate the remainder when 61490 is divided by 219.
170
What is the remainder when 27325 is divided by 471?
7
Calculate the remainder when 442506 is divided by 274.
270
Calculate the remainder when 3140 is divided by 843.
611
Calculate the remainder when 96331 is divided by 42.
25
Calculate the remainder when 3670 is divided by 3428.
242
Calculate the remainder when 98322 is divided by 15.
12
What is the remainder when 3463 is divided by 1294?
875
Calculate the remainder when 217122 is divided by 21709.
32
What is the remainder when 14996 is divided by 75?
71
Calculate the remainder when 4015 is divided by 148.
19
What is the remainder when 64085 is divided by 305?
35
Calculate the remainder when 507424 is divided by 39.
34
Calculate the remainder when 12639 is divided by 39.
3
What is the remainder when 782400 is divided by 16?
0
What is the remainder when 1143 is divided by 115?
108
Calculate the remainder when 33753 is divided by 194.
191
What is the remainder when 7198 is divided by 266?
16
Calculate the remainder when 4749 is divided by 2196.
357
What is the remainder when 51183 is divided by 155?
33
Calculate the remainder when 961812 is divided by 185.
182
What is the remainder when 581201 is divided by 46?
37
What is the remainder when 44484 is divided by 205?
204
What is the remainder when 62976 is divided by 57?
48
Calculate the remainder when 75748 is divided by 81.
13
What is the remainder when 11517 is divided by 55?
22
Calculate the remainder when 25951 is divided by 124.
35
What is the remainder when 10596 is divided by 1076?
912
What is the remainder when 19244 is divided by 19175?
69
Calculate the remainder when 12353998 is divided by 87.
85
What is the remainder when 186032 is divided by 102?
86
What is the remainder when 685 is divided by 123?
70
What is the remainder when 5142 is divided by 365?
32
What is the remainder when 4418 is divided by 464?
242
What is the remainder when 6647 is divided by 14?
11
What is the remainder when 38052 is divided by 129?
126
What is the remainder when 10214 is divided by 2040?
14
Calculate the remainder when 74730 is divided by 74.
64
What is the remainder when 1668 is divided by 207?
12
Calculate the remainder when 56425 is divided by 170.
155
What is the remainder when 27258 is divided by 426?
420
What is the remainder when 7281 is divided by 11?
10
Calculate the remainder when 2400 is divided by 396.
24
What is the remainder when 12139 is divided by 20?
19
What is the remainder when 20017 is divided by 179?
148
What is the remainder when 85505 is divided by 42738?
29
Calculate the remainder when 701565 is divided by 45.
15
What is the remainder when 804 is divided by 630?
174
What is the remainder when 139781 is divided by 2369?
10
What is the remainder when 51259 is divided by 17083?
10
Calculate the remainder when 363752 is divided by 665.
662
Calculate the remainder when 7722 is divided by 455.
442
What is the remainder when 9178 is divided by 28?
22
Calculate the remainder when 4606 is divided by 256.
254
Calculate the remainder when 1671 is divided by 824.
23
Calculate the remainder when 8571 is divided by 476.
3
Calculate the remainder when 485456 is divided by 135.
131
Calculate the remainder when 576 is divided by 452.
124
What is the remainder when 73731 is divided by 983?
6
Calculate the remainder when 28510 is divided by 4060.
90
What is the remainder when 506 is divided by 455?
51
Calculate the remainder when 873646 is divided by 25.
21
What is the remainder when 23227 is divided by 68?
39
What is the remainder when 136034 is divided by 83?
80
What is the remainder when 2627 is divided by 8?
3
Calculate the remainder when 154422 is divided by 15.
12
What is the remainder when 38310 is divided by 44?
30
What is the remainder when 98512 is divided by 288?
16
What is the remainder when 26194 is divided by 33?
25
What is the remainder when 34670 is divided by 11531?
77
What is the remainder when 7157 is divided by 143?
7
Calculate the remainder when 2887 is divided by 126.
115
Calculate the remainder when 45305 is divided by 745.
605
What is the remainder when 2087168 is divided by 10?
8
Calculate the remainder when 3222491 is divided by 14.
13
Calculate the remainder when 205919 is divided by 9.
8
Calculate the remainder when 519579 is divided by 973.
970
What is the remainder when 62819 is divided by 31406?
7
What is the remainder when 3970 is divided by 28?
22
Calculate the remainder when 935777 is divided by 69.
68
Calculate the remainder when 515 is divided by 418.
97
Calculate the remainder when 37038 is divided by 435.
63
What is the remainder when 2161 is divided by 98?
5
What is the remainder when 178701 is divided by 48?
45
Calculate the remainder when 1121079 is divided by 1079.
1077
What is the remainder when 86797 is divided by 14465?
7
Calculate the remainder when 491 is divided by 132.
95
Calculate the remainder when 10911 is divided by 390.
381
What is the remainder when 5884 is divided by 114?
70
Calculate the remainder when 52068 is divided by 98.
30
What is the remainder when 103150 is divided by 336?
334
What is the remainder when 113084 is divided by 372?
368
Calculate the remainder when 16771 is divided by 9.
4
What is the remainder when 76133 is divided by 45?
38
Calculate 